nder when (-496)/(-6) - 18/q is divided by w?
26
Let l(t) = 15*t - 73. Calculate the remainder when l(16) is divided by 29.
22
Let x = -5 - -8. What is the remainder when 5*1*(-22)/(-10) is divided by 4 + x + 9/(-3)?
3
Suppose -812 = 7*o - 1603. What is the remainder when o is divided by 58?
55
Suppose -3*b - q = 2*q - 1863, -7*q - 637 = -b. What is the remainder when b is divided by 39?
38
Let g be ((-2)/(-3) - (-12)/(-18)) + 4. Suppose -5*d = -10*d - g*h, -5*h - 17 = 2*d. Calculate the remainder when 12 is divided by d.
0
Let x(q) = 9*q**2 - q - 2. Let n be x(-2). Let y = 51 - n. Calculate the remainder when 26 is divided by 9/y + 42/5.
8
Suppose -5*c + 4*m + 93 = -71, -93 = -3*c - 3*m. Calculate the remainder when 81 is divided by c.
17
Let p be (16/6)/(4 - 1182/297). Suppose -96 = 4*m - p. What is the remainder when m is divided by 5?
4
Let z = -13 + 45. Let h(l) = 236*l + 2689. Calculate the remainder when h(-11) is divided by z.
29
Suppose 0 = -2*m - 57 + 343. Suppose 0 = 5*l - 2807 + 1067. Calculate the remainder when m is divided by 1/(-3*(-4)/l).
27
Suppose 87*i = 59*i + 840. What is the remainder when i is divided by 11?
8
Suppose 216 = 7*v - 3*v. Let n be (0/(-2))/(3 - 4). Suppose -3*k + 38 = 3*a - 7*k, n = 5*a - 2*k - v. Calculate the remainder when 19 is divided by a.
9
Let l(h) = -h + 8. Calculate the remainder when 6 + -11 - (-26 - -7) is divided by l(0).
6
Suppose 5*g - 19 - 31 = 0. Suppose 3*h + 1000 = 1003. What is the remainder when g is divided by h?
0
Suppose 5*d - 5*r - 10 - 110 = 0, 3*r = -4*d + 89. What is the remainder when 57 is divided by d?
11
Let n = 218 + -177. Calculate the remainder when n is divided by 7.
6
Let c be 548/10 + (-6)/(-30). Suppose -5*h + c + 5 = 0. Suppose 4*z + 3*j = 35, -2*j = z + 3*j - 30. Calculate the remainder when h is divided by z.
2
Let g(m) = m**2 - 34*m + 143. Suppose 8*f - 3*f = 85. What is the remainder when g(31) is divided by f?
16
Suppose 15*o = 8*o + 14. Suppose -2*s = -2, o*v - 2*s - 9 = 9. What is the remainder when 16 is divided by v?
6
Suppose 3*z - 65 = -5. Let g = 27 - z. What is the remainder when 34 is divided by g?
6
Let w(h) = h**3 + 6*h**2 + 12*h + 15. Let j be w(-4). Let k(d) = 190*d**2 - 4*d. Calculate the remainder when k(j) is divided by 49.
47
Suppose -5*d + 417 - 107 = 0. Let u be 306/(-24) - 3/(-4). Calculate the remainder when d is divided by 64/u*(-9)/3.
14
Suppose -5*h - 8 = -2*f + f, -5*h = 0. Calculate the remainder when f is divided by 1*3*(-9)/((-54)/8).
0
Let b(w) = w**3 - 29*w**2 - 31*w + 52. Calculate the remainder when 85 is divided by b(30).
19
Suppose 31*h - 1017 - 1091 = 0. What is the remainder when h is divided by 15?
8
Let i = -52 + 109. Suppose -i = -0*v - 3*v. Calculate the remainder when 53 is divided by v.
15
Suppose -3*y - 21 = 3*b, -2 + 1 = 3*b - 2*y. Calculate the remainder when 26 is divided by (b - -1)*(-5 - 10/(-4)).
1
Let b(t) = t + 7. Let y be 110/20 + 2/4. What is the remainder when 25 is divided by b(y)?
12
Suppose -189 = 1653*d - 1662*d. What is the remainder when 881 is divided by d?
20
Suppose -2*o + 1967 = 5*b, -2*b + 552 = 5*o - 218. Suppose b = 5*y - 340. Let w = y - 78. Calculate the remainder when w is divided by 36.
33
Suppose 2*x - 27 = 21. What is the remainder when 3*(1808/48 + -11) is divided by x?
8
Let k = 1 - 3. Let z be k + -2 + 2 + 1. Let y = z + 13. What is the remainder when 44 is divided by y?
8
Suppose -2 - 4 = -2*w. Let y = -2 - -7. Suppose 2*u - y = -3*u. What is the remainder when w is divided by u?
0
Suppose -39*q - 272 = -3*w - 34*q, 0 = -5*w - 4*q + 404. What is the remainder when w is divided by 62?
22
Let n(z) = 8*z**2 + 7*z + 5. Calculate the remainder when n(-3) is divided by 12.
8
Let q be 14*(74/(-4) + 0). Let c = -589 - q. What is the remainder when 19 is divided by (c/75)/((-2)/5)?
8
Let h(l) = 2*l**3 + 15*l**2 + 10*l - 13. Calculate the remainder when 58 is divided by h(-6).
23
Let m(w) = -w**3 - 48*w**2 + 41*w - 340. What is the remainder when m(-49) is divided by 3?
1
Calculate the remainder when 17/(-51) + (-124)/(-3) is divided by 7.
6
Suppose -5*y + 34 = -4*k, 3*k + k - 6 = y. Suppose 2*z = 55 + 21. Suppose -4*a + 2*a = -z. Calculate the remainder when a is divided by y.
9
Let x = 82 - 40. Suppose 6*d + 16 = 82. Calculate the remainder when x is divided by d.
9
Let n(w) = 14*w. Let z be n(2). Suppose 2*b - 6 = z. Suppose -f + b + 2 = 0. What is the remainder when f is divided by 11?
8
Let f(i) = 4*i**2 - 70*i - 5. Let h(g) = 39*g**2 + 3*g + 2. Calculate the remainder when h(-2) is divided by f(18).
28
Let h(q) = 17*q**3 + 1. Let i(v) = -v**2 - 6*v + 5. Let g be i(-6). Suppose 0 = g*j - 0*j - 5. Calculate the remainder when h(j) is divided by 7.
4
Let a(m) = 3*m**2 + 60*m + 136. Suppose p - 4*p + 48 = 0. Calculate the remainder when a(-19) is divided by p.
15
Let f = -117 - -277. Suppose -a - f = -4*p, a = -5*p + 18 + 173. What is the remainder when 152 is divided by p?
35
Suppose 21*c - 379 - 314 = 0. Let k = -4 - -6. Suppose 2*y + 3*w - 45 = 0, 69 = 3*y + 3*w + k*w. Calculate the remainder when c is divided by y.
15
Suppose 0 = -22*w + 14*w + 432. What is the remainder when w is divided by 27?
0
Let o = 827 - 728. What is the remainder when o is divided by 21?
15
Let j be (-1 - 0)*(-1148)/14. Let g = 84 - j. Calculate the remainder when 5 is divided by g.
1
Suppose 15 = p + 2*p. Suppose p*z - m = 173, 0 = -4*m - 5 - 7. What is the remainder when z is divided by 7?
6
Let y = 349 - 230. Calculate the remainder when y is divided by 15.
14
Let y be ((-7 + 5)*(-33)/6)/(-1). Let t(o) = 5*o - 12. Let m(r) = 14*r - 36. Let l(k) = -6*m(k) + 17*t(k). What is the remainder when l(y) is divided by 1?
0
Suppose -440 = -31*k - 99. Calculate the remainder when 50 is divided by k.
6
Let g = 24 - 14. Suppose 0 = 4*p + 2*o, -p + 2*o = -3*p - 4. Calculate the remainder when g is divided by p.
0
Let k be 3/(-12) + 585/4. Let d = -82 + k. Calculate the remainder when d is divided by 24.
16
Let q = -441 - -805. Suppose q + 3 = u - s, u + 3*s = 359. Suppose -7*n = -2*n - u. What is the remainder when n is divided by 19?
16
Let y(m) = 3*m**3 - 7*m + 6. Suppose 0 = -0*x - 4*x + 12. Calculate the remainder when y(x) is divided by 14.
10
Let a(x) = -16*x - 14. Calculate the remainder when a(-5) is divided by 23.
20
Let i(x) = 0*x + 13*x - 2*x - 5. Let g be i(4). Suppose 2*m - g - 23 = 0. What is the remainder when m is divided by 8?
7
Suppose -13*w = -12*w - 36. What is the remainder when 193 is divided by ((-27)/w)/(1/(-52))?
37
Suppose -20 - 14 = -2*q + 5*f, -2 = -f. Suppose 3*n - 5*x = 60, -7*n + 2*n + 113 = -4*x. Calculate the remainder when q is divided by 295/n + (-1)/(-5).
10
Let i(f) = 8*f**2 - 20*f - 48. What is the remainder when i(-5) is divided by 16?
12
Suppose -139 - 185 = -6*s. Calculate the remainder when s is divided by 29.
25
Let w = 24 - 17. Suppose 0 = -4*u + w*u - 6. Let j(o) = 4*o**2 - 4*o + 3. What is the remainder when 43 is divided by j(u)?
10
Let x be (-2)/(-2 - (-1 + 0)). What is the remainder when 45 is divided by 1/(4/128*x)?
13
Suppose -12*r = -103 - 29. Let z(h) = -4*h - 3. Let q be z(-7). Calculate the remainder when ((-10)/q)/((-2)/270) is divided by r.
10
Suppose 4*j - 50 = 10. Let i = 21 + 21. Calculate the remainder when i is divided by j.
12
Let b(y) = -y**3 - 5*y**2 - 4*y - 6. Suppose -205*h - 104*h + 10496 = -53*h. Calculate the remainder when h is divided by b(-5).
13
Suppose -3*d + l - 588 = -6*d, -5*l + 784 = 4*d. Calculate the remainder when d is divided by 24.
4
Suppose 0 = -20*h + 10 + 250. Let b(z) = 3*z**2 - 6*z - 4*z**2 + 3 - 1. What is the remainder when h is divided by b(-5)?
6
Suppose -4*u - 19 = 3*y - 6*u, -u - 49 = 5*y. Let q be 3/y + (-4)/(-3). Suppose q + 24 = h. Calculate the remainder when h is divided by 14.
11
Let f = -112 + 99. Let u(a) = 4*a + 6. Let q be u(-7). Let h = f - q. Calculate the remainder when h is divided by 3.
0
Suppose -15 = p - 21. What is the remainder when 41 is divided by 12*1*-2*p/(-9)?
9
Let k(x) = 4*x**2 - 5*x + 2. Let w(a) = -2*a**2 + 29*a + 150. What is the remainder when k(-4) is divided by w(18)?
14
Let s = 1024 + -954. What is the remainder when 419 is divided by s?
69
Let q(n) = -4*n**2 - 160*n + 25. What is the remainder wh